lculate the highest common divisor of 2461652400 and 100.
100
Calculate the highest common factor of 1182 and 1828948.
394
Calculate the highest common factor of 1846325 and 425.
25
What is the highest common factor of 190 and 3041240?
10
What is the greatest common divisor of 229 and 195099527?
229
What is the greatest common factor of 16 and 39296424?
8
Calculate the greatest common factor of 100550355 and 45.
15
Calculate the greatest common divisor of 136818556 and 938.
938
What is the greatest common factor of 114 and 250976985?
57
Calculate the highest common divisor of 78 and 21619689.
39
Calculate the greatest common divisor of 995538 and 222.
6
What is the greatest common factor of 239032 and 284?
4
Calculate the greatest common factor of 9564 and 10333902.
4782
Calculate the highest common factor of 658375 and 39617.
229
What is the highest common divisor of 499829 and 143?
11
What is the highest common divisor of 1517903 and 61891?
1049
What is the highest common divisor of 29627612 and 4123?
133
Calculate the greatest common divisor of 36 and 11672604.
36
Calculate the greatest common divisor of 290766 and 64746150.
6762
What is the greatest common factor of 17901 and 42315?
39
Calculate the greatest common divisor of 38599 and 2880889.
3509
Calculate the greatest common divisor of 42191950 and 4744.
1186
What is the greatest common factor of 50805625 and 390?
65
What is the greatest common factor of 837402 and 17242?
466
Calculate the highest common divisor of 2986 and 7178344.
2986
What is the highest common divisor of 41493726 and 1572?
786
What is the greatest common divisor of 460 and 2584832?
92
Calculate the greatest common divisor of 32750 and 2257130.
1310
What is the greatest common factor of 6617 and 2548100828?
6617
What is the greatest common divisor of 5147891 and 13671?
1519
Calculate the highest common divisor of 63848784 and 4311.
1437
What is the highest common divisor of 93021 and 907788?
303
What is the highest common factor of 4095793 and 3655?
731
Calculate the greatest common factor of 216500 and 76.
4
What is the highest common factor of 552 and 183846?
6
What is the greatest common factor of 5694462 and 31266?
162
Calculate the highest common divisor of 508 and 910214334.
254
Calculate the highest common divisor of 28435 and 23817156.
5687
Calculate the greatest common factor of 11070 and 127478430.
3690
What is the highest common divisor of 603015813 and 354?
177
What is the greatest common divisor of 3064 and 414824?
8
Calculate the highest common divisor of 4752 and 14879862.
54
What is the highest common divisor of 306434 and 3878969?
1517
What is the greatest common factor of 4615 and 37479?
13
Calculate the greatest common divisor of 359154507 and 3414.
1707
What is the highest common divisor of 2278 and 3613310?
134
Calculate the greatest common factor of 398952 and 295956.
36
Calculate the highest common divisor of 33638 and 887898.
242
Calculate the highest common factor of 8162 and 20526814.
154
What is the greatest common factor of 1979394 and 42?
6
Calculate the highest common factor of 3455340 and 3570.
210
What is the greatest common factor of 1852902 and 4?
2
Calculate the highest common factor of 69 and 2388348.
3
What is the greatest common divisor of 1287 and 4522752?
117
Calculate the highest common factor of 600 and 175920.
120
Calculate the greatest common divisor of 8 and 61834636.
4
What is the greatest common factor of 171332280 and 6747?
519
Calculate the highest common factor of 17118 and 33237.
27
Calculate the highest common factor of 26122 and 24050.
74
What is the highest common factor of 3157 and 182567?
77
Calculate the highest common factor of 80 and 3976704.
16
What is the greatest common factor of 8302 and 715400?
14
What is the greatest common divisor of 132 and 98880144?
132
What is the greatest common divisor of 21148 and 37706?
34
Calculate the greatest common factor of 80960 and 6939328.
704
What is the highest common factor of 49783898 and 166?
166
What is the greatest common factor of 23056 and 1200353?
1441
What is the greatest common divisor of 102816 and 2130912?
2016
Calculate the greatest common divisor of 24878 and 23282.
14
Calculate the highest common factor of 171838 and 390334.
1138
Calculate the highest common factor of 44977875 and 30743.
433
Calculate the greatest common factor of 23712 and 75350067.
741
What is the greatest common factor of 3589766 and 5734?
94
What is the greatest common factor of 3913452 and 6012?
36
What is the highest common divisor of 216 and 3388851?
27
What is the greatest common factor of 35369 and 57592?
313
Calculate the greatest common factor of 80 and 215630912.
16
Calculate the greatest common divisor of 1679 and 12251006.
73
Calculate the highest common divisor of 250056 and 18792.
72
Calculate the greatest common factor of 21240 and 1679022.
1062
Calculate the highest common divisor of 1509246 and 406467.
171
Calculate the greatest common factor of 16263596 and 5464.
2732
Calculate the highest common factor of 498 and 27149466.
498
Calculate the greatest common divisor of 746948 and 26828.
1412
What is the highest common factor of 27838 and 37771676?
898
Calculate the highest common factor of 5504 and 1507623.
43
What is the highest common factor of 165620 and 245980?
980
What is the greatest common factor of 8938 and 13720702?
218
Calculate the highest common factor of 31608265 and 4615.
65
What is the greatest common divisor of 22580 and 17960?
20
What is the greatest common divisor of 167640 and 327960?
120
Calculate the highest common divisor of 1443658342 and 7.
7
What is the highest common divisor of 2506550 and 10?
10
Calculate the highest common factor of 170562516 and 24.
12
Calculate the greatest common divisor of 234 and 178447269.
39
What is the highest common divisor of 72864 and 277288?
2024
Calculate the greatest common factor of 27588 and 16122.
6
What is the highest common factor of 183 and 1449735?
3
What is the greatest common divisor of 9290328 and 96?
24
Calculate the greatest common factor of 4512 and 10826544.
2256
Calculate the highest common factor of 4697 and 111998623.
671
What is the highest common factor of 42 and 530088?
6
Calculate the greatest common divisor of 12595 and 8107.
11
Calculate the highest common divisor of 5195799 and 8547.
777
Calculate the highest common divisor of 15829191 and 63.
63
What is the highest common factor of 5 and 5008109?
1
Calculate the highest common divisor of 210861286 and 69.
23
What is the greatest common divisor of 21966235 and 35?
5
Calculate the highest common factor of 1836548 and 32100.
428
Calculate the greatest common factor of 173694156 and 438.
438
Calculate the highest common divisor of 33921305 and 56386.
2563
Calculate the highest common divisor of 21594 and 410994.
354
Calculate the greatest common divisor of 277949914 and 154.
22
Calculate the highest common divisor of 1048024 and 26900.
1076
Calculate the highest common factor of 315078029 and 634.
317
What is the greatest common divisor of 200 and 318977150?
50
Calculate the highest common factor of 4561330 and 10450.
190
Calculate the greatest common factor of 5 and 16549133.
1
What is the highest common divisor of 307257 and 5773?
23
What is the greatest common factor of 51548796 and 276?
276
What is the highest common divisor of 303195 and 16047933?
3567
What is the highest common divisor of 1359365 and 1365?
35
Calculate the highest common factor of 3672195 and 120.
15
Calculate the greatest common factor of 29275819 and 35989.
493
Calculate the highest common divisor of 10685 and 44789383.
2137
What is the highest common divisor of 17822 and 22246?
14
Calculate the greatest common divisor of 60 and 6740660.
20
What is the greatest common divisor of 6 and 44440518?
6
Calculate the highest common divisor of 6917645 and 70.
35
What is the greatest common factor of 6640628 and 10871?
1553
What is the greatest common factor of 13337132 and 512784?
4748
Calculate the greatest common divisor of 6216 and 300202497.
777
Calculate the highest common factor of 411 and 328344886.
137
What is the greatest common divisor of 1314 and 635353164?
1314
Calculate the greatest common factor of 57627